f 49051?
1
What is the tens digit of 11285?
8
What is the ten thousands digit of 64221?
6
What is the tens digit of 22982?
8
What is the hundreds digit of 115352?
3
What is the units digit of 1459?
9
What is the tens digit of 36299?
9
What is the ten thousands digit of 47947?
4
What is the tens digit of 15110?
1
What is the ten thousands digit of 27489?
2
What is the thousands digit of 2367?
2
What is the tens digit of 12452?
5
What is the ten thousands digit of 20841?
2
What is the ten thousands digit of 11917?
1
What is the hundreds digit of 8468?
4
What is the units digit of 4711?
1
What is the tens digit of 3261?
6
What is the tens digit of 3093?
9
What is the thousands digit of 3802?
3
What is the tens digit of 1434?
3
What is the thousands digit of 4714?
4
What is the hundreds digit of 217?
2
What is the units digit of 38373?
3
What is the hundreds digit of 184?
1
What is the units digit of 20675?
5
What is the tens digit of 1008?
0
What is the units digit of 1513?
3
What is the thousands digit of 1918?
1
What is the tens digit of 910?
1
What is the hundreds digit of 763?
7
What is the units digit of 68337?
7
What is the units digit of 35444?
4
What is the hundreds digit of 11696?
6
What is the tens digit of 3862?
6
What is the hundreds digit of 960?
9
What is the hundreds digit of 8413?
4
What is the thousands digit of 1901?
1
What is the tens digit of 968?
6
What is the hundreds digit of 154024?
0
What is the hundreds digit of 484?
4
What is the units digit of 1276?
6
What is the tens digit of 47077?
7
What is the tens digit of 7988?
8
What is the tens digit of 9047?
4
What is the tens digit of 114348?
4
What is the ten thousands digit of 70840?
7
What is the hundreds digit of 9351?
3
What is the hundreds digit of 1959?
9
What is the tens digit of 311?
1
What is the units digit of 29101?
1
What is the tens digit of 8495?
9
What is the thousands digit of 32167?
2
What is the thousands digit of 9297?
9
What is the tens digit of 208?
0
What is the tens digit of 39236?
3
What is the tens digit of 5865?
6
What is the hundreds digit of 37509?
5
What is the ten thousands digit of 17068?
1
What is the tens digit of 3793?
9
What is the units digit of 7353?
3
What is the tens digit of 997?
9
What is the units digit of 109798?
8
What is the hundreds digit of 6348?
3
What is the tens digit of 457?
5
What is the units digit of 749?
9
What is the hundreds digit of 36414?
4
What is the units digit of 3272?
2
What is the thousands digit of 99575?
9
What is the tens digit of 23689?
8
What is the thousands digit of 38343?
8
What is the hundreds digit of 546?
5
What is the tens digit of 182698?
9
What is the units digit of 940?
0
What is the tens digit of 811?
1
What is the hundreds digit of 136656?
6
What is the ten thousands digit of 21179?
2
What is the units digit of 1750?
0
What is the thousands digit of 1268?
1
What is the tens digit of 19620?
2
What is the hundreds digit of 1242?
2
What is the hundreds digit of 60997?
9
What is the thousands digit of 6485?
6
What is the tens digit of 2632?
3
What is the tens digit of 14275?
7
What is the hundreds digit of 22372?
3
What is the units digit of 30643?
3
What is the thousands digit of 2463?
2
What is the thousands digit of 85830?
5
What is the units digit of 1532?
2
What is the units digit of 85554?
4
What is the tens digit of 7367?
6
What is the tens digit of 12733?
3
What is the thousands digit of 3461?
3
What is the units digit of 110174?
4
What is the ten thousands digit of 61158?
6
What is the thousands digit of 1950?
1
What is the hundreds digit of 660?
6
What is the units digit of 919?
9
What is the tens digit of 27998?
9
What is the units digit of 78324?
4
What is the tens digit of 11696?
9
What is the hundreds digit of 177?
1
What is the units digit of 403?
3
What is the thousands digit of 8746?
8
What is the tens digit of 638?
3
What is the thousands digit of 46241?
6
What is the hundreds digit of 2981?
9
What is the units digit of 18247?
7
What is the thousands digit of 21260?
1
What is the units digit of 4455?
5
What is the thousands digit of 76093?
6
What is the tens digit of 11085?
8
What is the hundreds digit of 6136?
1
What is the thousands digit of 149671?
9
What is the thousands digit of 6645?
6
What is the tens digit of 1732?
3
What is the units digit of 761?
1
What is the tens digit of 30160?
6
What is the hundreds digit of 7431?
4
What is the ten thousands digit of 44390?
4
What is the tens digit of 5365?
6
What is the thousands digit of 12938?
2
What is the units digit of 6049?
9
What is the tens digit of 761?
6
What is the tens digit of 52353?
5
What is the thousands digit of 2458?
2
What is the tens digit of 7260?
6
What is the units digit of 2792?
2
What is the hundreds digit of 39893?
8
What is the tens digit of 84180?
8
What is the thousands digit of 23144?
3
What is the hundreds digit of 16642?
6
What is the hundreds digit of 943?
9
What is the hundreds digit of 2218?
2
What is the thousands digit of 13259?
3
What is the units digit of 39891?
1
What is the units digit of 285?
5
What is the units digit of 18064?
4
What is the units digit of 56731?
1
What is the hundreds digit of 1394?
3
What is the hundreds digit of 164296?
2
What is the units digit of 994?
4
What is the units digit of 4645?
5
What is the hundreds digit of 71242?
2
What is the thousands digit of 10574?
0
What is the hundreds digit of 1934?
9
What is the tens digit of 22739?
3
What is the hundreds digit of 3620?
6
What is the ten thousands digit of 90357?
9
What is the hundreds digit of 46414?
4
What is the units digit of 349?
9
What is the tens digit of 20718?
1
What is the tens digit of 7356?
5
What is the hundreds digit of 781?
7
What is the units digit of 7867?
7
What is the units digit of 889?
9
What is the hundreds digit of 1400?
4
What is the units digit of 769?
9
What is the hundreds digit of 66217?
2
What is the hundreds digit of 449?
4
What is the hundreds digit of 207?
2
What is the units digit of 688?
8
What is the tens digit of 1944?
4
What is the hundreds digit of 4183?
1
What is the units digit of 4860?
0
What is the tens digit of 1181?
8
What is the thousands digit of 13445?
3
What is the tens digit of 729?
2
What is the tens digit of 59675?
7
What is the tens digit of 1014?
1
What is the tens digit of 501?
0
What is the hundreds digit of 36269?
2
What is the ten thousands digit of 97586?
9
What is the ten thousands digit of 99827?
9
What is the units digit of 9251?
1
What is the thousands digit of 7333?
7
What is the thousands digit of 12721?
2
What is the thousands digit of 20072?
0
What is the hundreds digit of 1721?
7
What is the units digit of 1974?
4
What is the hundreds digit of 1677?
6
What is the hundreds digit of 5848?
8
What is the units digit of 4902?
2
What is the thousands digit of 17776?
7
What is the units digit of 3456?
6
What is the tens digit of 140349?
4
What is the hundreds digit of 29807?
8
What is the hundreds digit of 2740?
7
What is the thousands digit of 41327?
1
What is the hundreds digit of 191?
1
What is the hundreds digit of 899?
8
What is the thousands digit of 41620?
1
What is the thousands digit of 102894?
2
What is the hundreds digit of 3159?
1
What is the units digit of 971?
1
What is the hundreds digit of 43503?
5
What is the units digit of 1064?
4
What is the tens digit of 32545?
4
What is the hundreds digit of 5078?
0
What is the ten thousands digit of 122394?
2
What is the thousands digit of 14498?
4
What is the tens digit of 105464?
6
What is the tens digit of 107?
0
What is the tens digit of 11104?
0
What is the thousands digit of 7979?
7
What is the hundreds digit of 9761?
7
What is the units digit of 7225?
5
What is the hundreds digit of 1315?
3
What is the tens digit of 6219?
1
What is the tens digit of 1014?
1
What is the hundreds digit of 45442?
4
What is the units digit of 11793?
3
What is the hundreds digit of 647?
6
What is the hundreds digit of 1389?
3
What is the units digit of 114853?
3
What is the hundreds digit of 351?
3
What is the tens digit of 3381?
8
What is the thousands digit of 2760?
2
What is the hundreds digit of 3352?
3
What is the ten thousands digit of 21048?
2
What is the hundreds digit of 6697?
6
What is the tens digit of 